{"id":213,"date":"2025-02-26T12:25:23","date_gmt":"2025-02-26T11:25:23","guid":{"rendered":"https:\/\/razemwkryzysie.pl\/?page_id=213"},"modified":"2025-02-26T13:12:37","modified_gmt":"2025-02-26T12:12:37","slug":"kontakt","status":"publish","type":"page","link":"https:\/\/razemwkryzysie.pl\/?page_id=213","title":{"rendered":"Kontakt"},"content":{"rendered":"\n<div class=\"wp-block-group alignfull has-contrast-color has-text-color has-link-color wp-elements-c185f5c8323bea873209f2b917898959 is-content-justification-center is-layout-flex wp-container-core-group-is-layout-31654498 wp-block-group-is-layout-flex\" style=\"padding-top:var(--wp--preset--spacing--30);padding-right:var(--wp--preset--spacing--30);padding-bottom:var(--wp--preset--spacing--30);padding-left:var(--wp--preset--spacing--30)\"><nav class=\"has-large-font-size is-responsive items-justified-right wp-block-navigation is-content-justification-right is-layout-flex wp-container-core-navigation-is-layout-f665d2b5 wp-block-navigation-is-layout-flex\" aria-label=\"Nag\u0142\u00f3wek nawigacja\" \n\t\t data-wp-interactive=\"core\/navigation\" data-wp-context='{\"overlayOpenedBy\":{\"click\":false,\"hover\":false,\"focus\":false},\"type\":\"overlay\",\"roleAttribute\":\"\",\"ariaLabel\":\"Menu\"}'><button aria-haspopup=\"dialog\" aria-label=\"Rozwi\u0144 menu\" class=\"wp-block-navigation__responsive-container-open\" \n\t\t\t\tdata-wp-on--click=\"actions.openMenuOnClick\"\n\t\t\t\tdata-wp-on--keydown=\"actions.handleMenuKeydown\"\n\t\t\t><svg width=\"24\" height=\"24\" xmlns=\"http:\/\/www.w3.org\/2000\/svg\" viewBox=\"0 0 24 24\" aria-hidden=\"true\" focusable=\"false\"><path d=\"M4 7.5h16v1.5H4z\"><\/path><path d=\"M4 15h16v1.5H4z\"><\/path><\/svg><\/button>\n\t\t\t\t<div class=\"wp-block-navigation__responsive-container\"  id=\"modal-1\" \n\t\t\t\tdata-wp-class--has-modal-open=\"state.isMenuOpen\"\n\t\t\t\tdata-wp-class--is-menu-open=\"state.isMenuOpen\"\n\t\t\t\tdata-wp-watch=\"callbacks.initMenu\"\n\t\t\t\tdata-wp-on--keydown=\"actions.handleMenuKeydown\"\n\t\t\t\tdata-wp-on--focusout=\"actions.handleMenuFocusout\"\n\t\t\t\ttabindex=\"-1\"\n\t\t\t>\n\t\t\t\t\t<div class=\"wp-block-navigation__responsive-close\" tabindex=\"-1\">\n\t\t\t\t\t\t<div class=\"wp-block-navigation__responsive-dialog\" \n\t\t\t\tdata-wp-bind--aria-modal=\"state.ariaModal\"\n\t\t\t\tdata-wp-bind--aria-label=\"state.ariaLabel\"\n\t\t\t\tdata-wp-bind--role=\"state.roleAttribute\"\n\t\t\t>\n\t\t\t\t\t\t\t<button aria-label=\"Zamknij menu\" class=\"wp-block-navigation__responsive-container-close\" \n\t\t\t\tdata-wp-on--click=\"actions.closeMenuOnClick\"\n\t\t\t><svg xmlns=\"http:\/\/www.w3.org\/2000\/svg\" viewBox=\"0 0 24 24\" width=\"24\" height=\"24\" aria-hidden=\"true\" focusable=\"false\"><path d=\"m13.06 12 6.47-6.47-1.06-1.06L12 10.94 5.53 4.47 4.47 5.53 10.94 12l-6.47 6.47 1.06 1.06L12 13.06l6.47 6.47 1.06-1.06L13.06 12Z\"><\/path><\/svg><\/button>\n\t\t\t\t\t\t\t<div class=\"wp-block-navigation__responsive-container-content\" \n\t\t\t\tdata-wp-watch=\"callbacks.focusFirstElement\"\n\t\t\t id=\"modal-1-content\">\n\t\t\t\t\t\t\t\t<ul class=\"wp-block-navigation__container has-large-font-size is-responsive items-justified-right wp-block-navigation has-large-font-size\"><li class=\"has-large-font-size wp-block-navigation-item wp-block-navigation-link\"><a class=\"wp-block-navigation-item__content\"  href=\"https:\/\/razemwkryzysie.pl\/?page_id=134\"><span class=\"wp-block-navigation-item__label\"> <img loading=\"lazy\" decoding=\"async\" width=\"250\" height=\"250\" class=\"wp-image-34\" style=\"width: 15px\" src=\"https:\/\/razemwkryzysie.pl\/wp-content\/uploads\/2025\/01\/n.png\" alt=\"\" srcset=\"https:\/\/razemwkryzysie.pl\/wp-content\/uploads\/2025\/01\/n.png 250w, https:\/\/razemwkryzysie.pl\/wp-content\/uploads\/2025\/01\/n-150x150.png 150w\" sizes=\"auto, (max-width: 250px) 100vw, 250px\" \/> O nas<\/span><\/a><\/li><li class=\"has-large-font-size wp-block-navigation-item wp-block-navigation-link\"><a class=\"wp-block-navigation-item__content\"  href=\"https:\/\/razemwkryzysie.pl\/?page_id=173\"><span class=\"wp-block-navigation-item__label\"><img loading=\"lazy\" decoding=\"async\" width=\"250\" height=\"250\" class=\"wp-image-34\" style=\"width: 15px\" src=\"https:\/\/razemwkryzysie.pl\/wp-content\/uploads\/2025\/01\/n.png\" alt=\"\" srcset=\"https:\/\/razemwkryzysie.pl\/wp-content\/uploads\/2025\/01\/n.png 250w, https:\/\/razemwkryzysie.pl\/wp-content\/uploads\/2025\/01\/n-150x150.png 150w\" sizes=\"auto, (max-width: 250px) 100vw, 250px\" \/> Jak mo\u017cemy Ci pom\u00f3c?<\/span><\/a><\/li><li class=\"has-large-font-size wp-block-navigation-item wp-block-navigation-link\"><a class=\"wp-block-navigation-item__content\"  href=\"#\"><span class=\"wp-block-navigation-item__label\"><img loading=\"lazy\" decoding=\"async\" width=\"250\" height=\"250\" class=\"wp-image-34\" style=\"width: 15px\" src=\"https:\/\/razemwkryzysie.pl\/wp-content\/uploads\/2025\/01\/n.png\" alt=\"\" srcset=\"https:\/\/razemwkryzysie.pl\/wp-content\/uploads\/2025\/01\/n.png 250w, https:\/\/razemwkryzysie.pl\/wp-content\/uploads\/2025\/01\/n-150x150.png 150w\" sizes=\"auto, (max-width: 250px) 100vw, 250px\" \/> Jak mo\u017cesz nam pom\u00f3c?<\/span><\/a><\/li><li class=\"has-large-font-size wp-block-navigation-item wp-block-navigation-link\"><a class=\"wp-block-navigation-item__content\"  href=\"https:\/\/razemwkryzysie.pl\/?page_id=225\"><span class=\"wp-block-navigation-item__label\"> <img loading=\"lazy\" decoding=\"async\" width=\"250\" height=\"250\" class=\"wp-image-34\" style=\"width: 15px\" src=\"https:\/\/razemwkryzysie.pl\/wp-content\/uploads\/2025\/01\/n.png\" alt=\"\" srcset=\"https:\/\/razemwkryzysie.pl\/wp-content\/uploads\/2025\/01\/n.png 250w, https:\/\/razemwkryzysie.pl\/wp-content\/uploads\/2025\/01\/n-150x150.png 150w\" sizes=\"auto, (max-width: 250px) 100vw, 250px\" \/>Aktualno\u015bci<\/span><\/a><\/li><li class=\"has-large-font-size wp-block-navigation-item wp-block-navigation-link\"><a class=\"wp-block-navigation-item__content\"  href=\"https:\/\/razemwkryzysie.pl\/?page_id=213\"><span class=\"wp-block-navigation-item__label\"> <img loading=\"lazy\" decoding=\"async\" width=\"250\" height=\"250\" class=\"wp-image-34\" style=\"width: 15px\" src=\"https:\/\/razemwkryzysie.pl\/wp-content\/uploads\/2025\/01\/n.png\" alt=\"\" srcset=\"https:\/\/razemwkryzysie.pl\/wp-content\/uploads\/2025\/01\/n.png 250w, https:\/\/razemwkryzysie.pl\/wp-content\/uploads\/2025\/01\/n-150x150.png 150w\" sizes=\"auto, (max-width: 250px) 100vw, 250px\" \/> Kontakt<\/span><\/a><\/li><\/ul>\n\t\t\t\t\t\t\t<\/div>\n\t\t\t\t\t\t<\/div>\n\t\t\t\t\t<\/div>\n\t\t\t\t<\/div><\/nav><\/div>\n\n\n\n<div class=\"wp-block-group is-content-justification-center is-nowrap is-layout-flex wp-container-core-group-is-layout-23441af8 wp-block-group-is-layout-flex\">\n<figure class=\"wp-block-image size-large is-resized\"><img loading=\"lazy\" decoding=\"async\" width=\"1024\" height=\"634\" src=\"https:\/\/razemwkryzysie.pl\/wp-content\/uploads\/2025\/02\/n-Prezentacja-6-1-1024x634.png\" alt=\"\" class=\"wp-image-216\" style=\"width:826px;height:auto\" srcset=\"https:\/\/razemwkryzysie.pl\/wp-content\/uploads\/2025\/02\/n-Prezentacja-6-1-1024x634.png 1024w, https:\/\/razemwkryzysie.pl\/wp-content\/uploads\/2025\/02\/n-Prezentacja-6-1-300x186.png 300w, https:\/\/razemwkryzysie.pl\/wp-content\/uploads\/2025\/02\/n-Prezentacja-6-1-768x475.png 768w, https:\/\/razemwkryzysie.pl\/wp-content\/uploads\/2025\/02\/n-Prezentacja-6-1-1536x951.png 1536w, https:\/\/razemwkryzysie.pl\/wp-content\/uploads\/2025\/02\/n-Prezentacja-6-1.png 1977w\" sizes=\"auto, (max-width: 1024px) 100vw, 1024px\" \/><\/figure>\n<\/div>\n\n\n<div class=\"wpforms-container wpforms-container-full wpforms-block wpforms-block-35426e71-f7f4-4e1c-86f1-9f6ec17188a9 wpforms-render-modern\" id=\"wpforms-183\"><form id=\"wpforms-form-183\" class=\"wpforms-validate wpforms-form wpforms-ajax-form\" data-formid=\"183\" method=\"post\" enctype=\"multipart\/form-data\" action=\"\/index.php?rest_route=%2Fwp%2Fv2%2Fpages%2F213\" data-token=\"62e5b5129a0dc6aba4032395201e6117\" data-token-time=\"1777021668\"><noscript class=\"wpforms-error-noscript\">Aby wype\u0142ni\u0107 ten formularz, w\u0142\u0105cz obs\u0142ug\u0119 JavaScript w przegl\u0105darce.<\/noscript><div class=\"wpforms-hidden\" id=\"wpforms-error-noscript\">Aby wype\u0142ni\u0107 ten formularz, w\u0142\u0105cz obs\u0142ug\u0119 JavaScript w przegl\u0105darce.<\/div><div class=\"wpforms-field-container\"><div id=\"wpforms-183-field_1-container\" class=\"wpforms-field wpforms-field-text\" data-field-id=\"1\"><label class=\"wpforms-field-label\" for=\"wpforms-183-field_1\">Imi\u0119<\/label><input type=\"text\" id=\"wpforms-183-field_1\" class=\"wpforms-field-medium\" name=\"wpforms[fields][1]\" aria-errormessage=\"wpforms-183-field_1-error\" ><\/div><div id=\"wpforms-183-field_2-container\" class=\"wpforms-field wpforms-field-email\" data-field-id=\"2\"><label class=\"wpforms-field-label\" for=\"wpforms-183-field_2\">Adres e-mail <span class=\"wpforms-required-label\" aria-hidden=\"true\">*<\/span><\/label><input type=\"email\" id=\"wpforms-183-field_2\" class=\"wpforms-field-medium wpforms-field-required\" name=\"wpforms[fields][2]\" spellcheck=\"false\" aria-errormessage=\"wpforms-183-field_2-error\" required><\/div><div id=\"wpforms-183-field_3-container\" class=\"wpforms-field wpforms-field-textarea\" data-field-id=\"3\"><label class=\"wpforms-field-label\" for=\"wpforms-183-field_3\">W czym mo\u017cemy Ci pom\u00f3c?<\/label><textarea id=\"wpforms-183-field_3\" class=\"wpforms-field-medium\" name=\"wpforms[fields][3]\" aria-errormessage=\"wpforms-183-field_3-error\" ><\/textarea><\/div><\/div><!-- .wpforms-field-container --><div class=\"wpforms-submit-container\" ><input type=\"hidden\" name=\"wpforms[id]\" value=\"183\"><input type=\"hidden\" name=\"page_title\" value=\"\"><input type=\"hidden\" name=\"page_url\" value=\"https:\/\/razemwkryzysie.pl\/index.php?rest_route=\/wp\/v2\/pages\/213\"><input type=\"hidden\" name=\"url_referer\" value=\"\"><button type=\"submit\" name=\"wpforms[submit]\" id=\"wpforms-submit-183\" class=\"wpforms-submit\" data-alt-text=\"Wysy\u0142anie...\" data-submit-text=\"Prze\u015blij\" aria-live=\"assertive\" value=\"wpforms-submit\">Prze\u015blij<\/button><img loading=\"lazy\" decoding=\"async\" src=\"https:\/\/razemwkryzysie.pl\/wp-content\/plugins\/wpforms-lite\/assets\/images\/submit-spin.svg\" class=\"wpforms-submit-spinner\" style=\"display: none;\" width=\"26\" height=\"26\" alt=\"Wczytywanie\"><\/div><\/form><\/div>  <!-- .wpforms-container -->\n\n\n<div class=\"wp-block-file\"><a id=\"wp-block-file--media-47ae8aea-5dd6-4d40-8fdb-d384df9b097f\" href=\"https:\/\/razemwkryzysie.pl\/wp-content\/uploads\/2025\/02\/Polityka-prywatnosci-2.docx\">Polityka prywatno\u015bci<\/a><a href=\"https:\/\/razemwkryzysie.pl\/wp-content\/uploads\/2025\/02\/Polityka-prywatnosci-2.docx\" class=\"wp-block-file__button wp-element-button\" download aria-describedby=\"wp-block-file--media-47ae8aea-5dd6-4d40-8fdb-d384df9b097f\">Pobierz<\/a><\/div>\n","protected":false},"excerpt":{"rendered":"","protected":false},"author":1,"featured_media":0,"parent":0,"menu_order":0,"comment_status":"closed","ping_status":"closed","template":"","meta":{"footnotes":""},"class_list":["post-213","page","type-page","status-publish","hentry"],"yoast_head":"<!-- This site is optimized with the Yoast SEO plugin v24.9 - https:\/\/yoast.com\/wordpress\/plugins\/seo\/ -->\n<title>Kontakt - Fundacja razem w kryzysie<\/title>\n<meta name=\"robots\" content=\"index, follow, max-snippet:-1, max-image-preview:large, max-video-preview:-1\" \/>\n<link rel=\"canonical\" href=\"https:\/\/razemwkryzysie.pl\/?page_id=213\" \/>\n<meta property=\"og:locale\" content=\"pl_PL\" \/>\n<meta property=\"og:type\" content=\"article\" \/>\n<meta property=\"og:title\" content=\"Kontakt - Fundacja razem w kryzysie\" \/>\n<meta property=\"og:url\" content=\"https:\/\/razemwkryzysie.pl\/?page_id=213\" \/>\n<meta property=\"og:site_name\" content=\"Fundacja razem w kryzysie\" \/>\n<meta property=\"article:publisher\" content=\"https:\/\/www.facebook.com\/profile.php?id=61575054061886\" \/>\n<meta property=\"article:modified_time\" content=\"2025-02-26T12:12:37+00:00\" \/>\n<meta property=\"og:image\" content=\"https:\/\/razemwkryzysie.pl\/wp-content\/uploads\/2025\/02\/n-Prezentacja-6-1-1024x634.png\" \/>\n<meta name=\"twitter:card\" content=\"summary_large_image\" \/>\n<script type=\"application\/ld+json\" class=\"yoast-schema-graph\">{\"@context\":\"https:\/\/schema.org\",\"@graph\":[{\"@type\":\"WebPage\",\"@id\":\"https:\/\/razemwkryzysie.pl\/?page_id=213\",\"url\":\"https:\/\/razemwkryzysie.pl\/?page_id=213\",\"name\":\"Kontakt - Fundacja razem w kryzysie\",\"isPartOf\":{\"@id\":\"https:\/\/razemwkryzysie.pl\/#website\"},\"primaryImageOfPage\":{\"@id\":\"https:\/\/razemwkryzysie.pl\/?page_id=213#primaryimage\"},\"image\":{\"@id\":\"https:\/\/razemwkryzysie.pl\/?page_id=213#primaryimage\"},\"thumbnailUrl\":\"https:\/\/razemwkryzysie.pl\/wp-content\/uploads\/2025\/02\/n-Prezentacja-6-1-1024x634.png\",\"datePublished\":\"2025-02-26T11:25:23+00:00\",\"dateModified\":\"2025-02-26T12:12:37+00:00\",\"breadcrumb\":{\"@id\":\"https:\/\/razemwkryzysie.pl\/?page_id=213#breadcrumb\"},\"inLanguage\":\"pl-PL\",\"potentialAction\":[{\"@type\":\"ReadAction\",\"target\":[\"https:\/\/razemwkryzysie.pl\/?page_id=213\"]}]},{\"@type\":\"ImageObject\",\"inLanguage\":\"pl-PL\",\"@id\":\"https:\/\/razemwkryzysie.pl\/?page_id=213#primaryimage\",\"url\":\"https:\/\/razemwkryzysie.pl\/wp-content\/uploads\/2025\/02\/n-Prezentacja-6-1.png\",\"contentUrl\":\"https:\/\/razemwkryzysie.pl\/wp-content\/uploads\/2025\/02\/n-Prezentacja-6-1.png\",\"width\":1977,\"height\":1224},{\"@type\":\"BreadcrumbList\",\"@id\":\"https:\/\/razemwkryzysie.pl\/?page_id=213#breadcrumb\",\"itemListElement\":[{\"@type\":\"ListItem\",\"position\":1,\"name\":\"Strona g\u0142\u00f3wna\",\"item\":\"https:\/\/razemwkryzysie.pl\/\"},{\"@type\":\"ListItem\",\"position\":2,\"name\":\"Kontakt\"}]},{\"@type\":\"WebSite\",\"@id\":\"https:\/\/razemwkryzysie.pl\/#website\",\"url\":\"https:\/\/razemwkryzysie.pl\/\",\"name\":\"Fundacja razem w kryzysie\",\"description\":\"Fundacja zajmuj\u0105ca si\u0119 wsparciem os\u00f3b w kryzysie psychicznym\",\"publisher\":{\"@id\":\"https:\/\/razemwkryzysie.pl\/#organization\"},\"potentialAction\":[{\"@type\":\"SearchAction\",\"target\":{\"@type\":\"EntryPoint\",\"urlTemplate\":\"https:\/\/razemwkryzysie.pl\/?s={search_term_string}\"},\"query-input\":{\"@type\":\"PropertyValueSpecification\",\"valueRequired\":true,\"valueName\":\"search_term_string\"}}],\"inLanguage\":\"pl-PL\"},{\"@type\":\"Organization\",\"@id\":\"https:\/\/razemwkryzysie.pl\/#organization\",\"name\":\"Fundacja razem w kryzysie\",\"url\":\"https:\/\/razemwkryzysie.pl\/\",\"logo\":{\"@type\":\"ImageObject\",\"inLanguage\":\"pl-PL\",\"@id\":\"https:\/\/razemwkryzysie.pl\/#\/schema\/logo\/image\/\",\"url\":\"https:\/\/razemwkryzysie.pl\/wp-content\/uploads\/2024\/12\/Minimalistyczna-Fotografia-Portfolio-Kwadrat-Fotoksiazka-1.png\",\"contentUrl\":\"https:\/\/razemwkryzysie.pl\/wp-content\/uploads\/2024\/12\/Minimalistyczna-Fotografia-Portfolio-Kwadrat-Fotoksiazka-1.png\",\"width\":2000,\"height\":737,\"caption\":\"Fundacja razem w kryzysie\"},\"image\":{\"@id\":\"https:\/\/razemwkryzysie.pl\/#\/schema\/logo\/image\/\"},\"sameAs\":[\"https:\/\/www.facebook.com\/profile.php?id=61575054061886\"]}]}<\/script>\n<!-- \/ Yoast SEO plugin. -->","yoast_head_json":{"title":"Kontakt - Fundacja razem w kryzysie","robots":{"index":"index","follow":"follow","max-snippet":"max-snippet:-1","max-image-preview":"max-image-preview:large","max-video-preview":"max-video-preview:-1"},"canonical":"https:\/\/razemwkryzysie.pl\/?page_id=213","og_locale":"pl_PL","og_type":"article","og_title":"Kontakt - Fundacja razem w kryzysie","og_url":"https:\/\/razemwkryzysie.pl\/?page_id=213","og_site_name":"Fundacja razem w kryzysie","article_publisher":"https:\/\/www.facebook.com\/profile.php?id=61575054061886","article_modified_time":"2025-02-26T12:12:37+00:00","og_image":[{"url":"https:\/\/razemwkryzysie.pl\/wp-content\/uploads\/2025\/02\/n-Prezentacja-6-1-1024x634.png","type":"","width":"","height":""}],"twitter_card":"summary_large_image","schema":{"@context":"https:\/\/schema.org","@graph":[{"@type":"WebPage","@id":"https:\/\/razemwkryzysie.pl\/?page_id=213","url":"https:\/\/razemwkryzysie.pl\/?page_id=213","name":"Kontakt - Fundacja razem w kryzysie","isPartOf":{"@id":"https:\/\/razemwkryzysie.pl\/#website"},"primaryImageOfPage":{"@id":"https:\/\/razemwkryzysie.pl\/?page_id=213#primaryimage"},"image":{"@id":"https:\/\/razemwkryzysie.pl\/?page_id=213#primaryimage"},"thumbnailUrl":"https:\/\/razemwkryzysie.pl\/wp-content\/uploads\/2025\/02\/n-Prezentacja-6-1-1024x634.png","datePublished":"2025-02-26T11:25:23+00:00","dateModified":"2025-02-26T12:12:37+00:00","breadcrumb":{"@id":"https:\/\/razemwkryzysie.pl\/?page_id=213#breadcrumb"},"inLanguage":"pl-PL","potentialAction":[{"@type":"ReadAction","target":["https:\/\/razemwkryzysie.pl\/?page_id=213"]}]},{"@type":"ImageObject","inLanguage":"pl-PL","@id":"https:\/\/razemwkryzysie.pl\/?page_id=213#primaryimage","url":"https:\/\/razemwkryzysie.pl\/wp-content\/uploads\/2025\/02\/n-Prezentacja-6-1.png","contentUrl":"https:\/\/razemwkryzysie.pl\/wp-content\/uploads\/2025\/02\/n-Prezentacja-6-1.png","width":1977,"height":1224},{"@type":"BreadcrumbList","@id":"https:\/\/razemwkryzysie.pl\/?page_id=213#breadcrumb","itemListElement":[{"@type":"ListItem","position":1,"name":"Strona g\u0142\u00f3wna","item":"https:\/\/razemwkryzysie.pl\/"},{"@type":"ListItem","position":2,"name":"Kontakt"}]},{"@type":"WebSite","@id":"https:\/\/razemwkryzysie.pl\/#website","url":"https:\/\/razemwkryzysie.pl\/","name":"Fundacja razem w kryzysie","description":"Fundacja zajmuj\u0105ca si\u0119 wsparciem os\u00f3b w kryzysie psychicznym","publisher":{"@id":"https:\/\/razemwkryzysie.pl\/#organization"},"potentialAction":[{"@type":"SearchAction","target":{"@type":"EntryPoint","urlTemplate":"https:\/\/razemwkryzysie.pl\/?s={search_term_string}"},"query-input":{"@type":"PropertyValueSpecification","valueRequired":true,"valueName":"search_term_string"}}],"inLanguage":"pl-PL"},{"@type":"Organization","@id":"https:\/\/razemwkryzysie.pl\/#organization","name":"Fundacja razem w kryzysie","url":"https:\/\/razemwkryzysie.pl\/","logo":{"@type":"ImageObject","inLanguage":"pl-PL","@id":"https:\/\/razemwkryzysie.pl\/#\/schema\/logo\/image\/","url":"https:\/\/razemwkryzysie.pl\/wp-content\/uploads\/2024\/12\/Minimalistyczna-Fotografia-Portfolio-Kwadrat-Fotoksiazka-1.png","contentUrl":"https:\/\/razemwkryzysie.pl\/wp-content\/uploads\/2024\/12\/Minimalistyczna-Fotografia-Portfolio-Kwadrat-Fotoksiazka-1.png","width":2000,"height":737,"caption":"Fundacja razem w kryzysie"},"image":{"@id":"https:\/\/razemwkryzysie.pl\/#\/schema\/logo\/image\/"},"sameAs":["https:\/\/www.facebook.com\/profile.php?id=61575054061886"]}]}},"_links":{"self":[{"href":"https:\/\/razemwkryzysie.pl\/index.php?rest_route=\/wp\/v2\/pages\/213","targetHints":{"allow":["GET"]}}],"collection":[{"href":"https:\/\/razemwkryzysie.pl\/index.php?rest_route=\/wp\/v2\/pages"}],"about":[{"href":"https:\/\/razemwkryzysie.pl\/index.php?rest_route=\/wp\/v2\/types\/page"}],"author":[{"embeddable":true,"href":"https:\/\/razemwkryzysie.pl\/index.php?rest_route=\/wp\/v2\/users\/1"}],"replies":[{"embeddable":true,"href":"https:\/\/razemwkryzysie.pl\/index.php?rest_route=%2Fwp%2Fv2%2Fcomments&post=213"}],"version-history":[{"count":3,"href":"https:\/\/razemwkryzysie.pl\/index.php?rest_route=\/wp\/v2\/pages\/213\/revisions"}],"predecessor-version":[{"id":239,"href":"https:\/\/razemwkryzysie.pl\/index.php?rest_route=\/wp\/v2\/pages\/213\/revisions\/239"}],"wp:attachment":[{"href":"https:\/\/razemwkryzysie.pl\/index.php?rest_route=%2Fwp%2Fv2%2Fmedia&parent=213"}],"curies":[{"name":"wp","href":"https:\/\/api.w.org\/{rel}","templated":true}]}}