{"id":173,"date":"2025-02-24T20:01:54","date_gmt":"2025-02-24T19:01:54","guid":{"rendered":"https:\/\/razemwkryzysie.pl\/?page_id=173"},"modified":"2025-02-26T11:31:34","modified_gmt":"2025-02-26T10:31:34","slug":"jak-mozemy-ci-pomoc","status":"publish","type":"page","link":"https:\/\/razemwkryzysie.pl\/?page_id=173","title":{"rendered":"Jak mo\u017cemy Ci pom\u00f3c?"},"content":{"rendered":"\n<div class=\"wp-block-group alignfull has-contrast-color has-text-color has-link-color wp-elements-c185f5c8323bea873209f2b917898959 is-content-justification-center is-layout-flex wp-container-core-group-is-layout-31654498 wp-block-group-is-layout-flex\" style=\"padding-top:var(--wp--preset--spacing--30);padding-right:var(--wp--preset--spacing--30);padding-bottom:var(--wp--preset--spacing--30);padding-left:var(--wp--preset--spacing--30)\"><nav class=\"has-large-font-size is-responsive items-justified-right wp-block-navigation is-content-justification-right is-layout-flex wp-container-core-navigation-is-layout-f665d2b5 wp-block-navigation-is-layout-flex\" aria-label=\"Nag\u0142\u00f3wek nawigacja\" \n\t\t data-wp-interactive=\"core\/navigation\" data-wp-context='{\"overlayOpenedBy\":{\"click\":false,\"hover\":false,\"focus\":false},\"type\":\"overlay\",\"roleAttribute\":\"\",\"ariaLabel\":\"Menu\"}'><button aria-haspopup=\"dialog\" aria-label=\"Rozwi\u0144 menu\" class=\"wp-block-navigation__responsive-container-open\" \n\t\t\t\tdata-wp-on--click=\"actions.openMenuOnClick\"\n\t\t\t\tdata-wp-on--keydown=\"actions.handleMenuKeydown\"\n\t\t\t><svg width=\"24\" height=\"24\" xmlns=\"http:\/\/www.w3.org\/2000\/svg\" viewBox=\"0 0 24 24\" aria-hidden=\"true\" focusable=\"false\"><path d=\"M4 7.5h16v1.5H4z\"><\/path><path d=\"M4 15h16v1.5H4z\"><\/path><\/svg><\/button>\n\t\t\t\t<div class=\"wp-block-navigation__responsive-container\"  id=\"modal-1\" \n\t\t\t\tdata-wp-class--has-modal-open=\"state.isMenuOpen\"\n\t\t\t\tdata-wp-class--is-menu-open=\"state.isMenuOpen\"\n\t\t\t\tdata-wp-watch=\"callbacks.initMenu\"\n\t\t\t\tdata-wp-on--keydown=\"actions.handleMenuKeydown\"\n\t\t\t\tdata-wp-on--focusout=\"actions.handleMenuFocusout\"\n\t\t\t\ttabindex=\"-1\"\n\t\t\t>\n\t\t\t\t\t<div class=\"wp-block-navigation__responsive-close\" tabindex=\"-1\">\n\t\t\t\t\t\t<div class=\"wp-block-navigation__responsive-dialog\" \n\t\t\t\tdata-wp-bind--aria-modal=\"state.ariaModal\"\n\t\t\t\tdata-wp-bind--aria-label=\"state.ariaLabel\"\n\t\t\t\tdata-wp-bind--role=\"state.roleAttribute\"\n\t\t\t>\n\t\t\t\t\t\t\t<button aria-label=\"Zamknij menu\" class=\"wp-block-navigation__responsive-container-close\" \n\t\t\t\tdata-wp-on--click=\"actions.closeMenuOnClick\"\n\t\t\t><svg xmlns=\"http:\/\/www.w3.org\/2000\/svg\" viewBox=\"0 0 24 24\" width=\"24\" height=\"24\" aria-hidden=\"true\" focusable=\"false\"><path d=\"m13.06 12 6.47-6.47-1.06-1.06L12 10.94 5.53 4.47 4.47 5.53 10.94 12l-6.47 6.47 1.06 1.06L12 13.06l6.47 6.47 1.06-1.06L13.06 12Z\"><\/path><\/svg><\/button>\n\t\t\t\t\t\t\t<div class=\"wp-block-navigation__responsive-container-content\" \n\t\t\t\tdata-wp-watch=\"callbacks.focusFirstElement\"\n\t\t\t id=\"modal-1-content\">\n\t\t\t\t\t\t\t\t<ul class=\"wp-block-navigation__container has-large-font-size is-responsive items-justified-right wp-block-navigation has-large-font-size\"><li class=\"has-large-font-size wp-block-navigation-item wp-block-navigation-link\"><a class=\"wp-block-navigation-item__content\"  href=\"https:\/\/razemwkryzysie.pl\/?page_id=134\"><span class=\"wp-block-navigation-item__label\"> <img loading=\"lazy\" decoding=\"async\" width=\"250\" height=\"250\" class=\"wp-image-34\" style=\"width: 15px\" src=\"https:\/\/razemwkryzysie.pl\/wp-content\/uploads\/2025\/01\/n.png\" alt=\"\" srcset=\"https:\/\/razemwkryzysie.pl\/wp-content\/uploads\/2025\/01\/n.png 250w, https:\/\/razemwkryzysie.pl\/wp-content\/uploads\/2025\/01\/n-150x150.png 150w\" sizes=\"auto, (max-width: 250px) 100vw, 250px\" \/> O nas<\/span><\/a><\/li><li class=\"has-large-font-size wp-block-navigation-item wp-block-navigation-link\"><a class=\"wp-block-navigation-item__content\"  href=\"https:\/\/razemwkryzysie.pl\/?page_id=173\"><span class=\"wp-block-navigation-item__label\"><img loading=\"lazy\" decoding=\"async\" width=\"250\" height=\"250\" class=\"wp-image-34\" style=\"width: 15px\" src=\"https:\/\/razemwkryzysie.pl\/wp-content\/uploads\/2025\/01\/n.png\" alt=\"\" srcset=\"https:\/\/razemwkryzysie.pl\/wp-content\/uploads\/2025\/01\/n.png 250w, https:\/\/razemwkryzysie.pl\/wp-content\/uploads\/2025\/01\/n-150x150.png 150w\" sizes=\"auto, (max-width: 250px) 100vw, 250px\" \/> Jak mo\u017cemy Ci pom\u00f3c?<\/span><\/a><\/li><li class=\"has-large-font-size wp-block-navigation-item wp-block-navigation-link\"><a class=\"wp-block-navigation-item__content\"  href=\"#\"><span class=\"wp-block-navigation-item__label\"><img loading=\"lazy\" decoding=\"async\" width=\"250\" height=\"250\" class=\"wp-image-34\" style=\"width: 15px\" src=\"https:\/\/razemwkryzysie.pl\/wp-content\/uploads\/2025\/01\/n.png\" alt=\"\" srcset=\"https:\/\/razemwkryzysie.pl\/wp-content\/uploads\/2025\/01\/n.png 250w, https:\/\/razemwkryzysie.pl\/wp-content\/uploads\/2025\/01\/n-150x150.png 150w\" sizes=\"auto, (max-width: 250px) 100vw, 250px\" \/> Jak mo\u017cesz nam pom\u00f3c?<\/span><\/a><\/li><li class=\"has-large-font-size wp-block-navigation-item wp-block-navigation-link\"><a class=\"wp-block-navigation-item__content\"  href=\"https:\/\/razemwkryzysie.pl\/?page_id=225\"><span class=\"wp-block-navigation-item__label\"> <img loading=\"lazy\" decoding=\"async\" width=\"250\" height=\"250\" class=\"wp-image-34\" style=\"width: 15px\" src=\"https:\/\/razemwkryzysie.pl\/wp-content\/uploads\/2025\/01\/n.png\" alt=\"\" srcset=\"https:\/\/razemwkryzysie.pl\/wp-content\/uploads\/2025\/01\/n.png 250w, https:\/\/razemwkryzysie.pl\/wp-content\/uploads\/2025\/01\/n-150x150.png 150w\" sizes=\"auto, (max-width: 250px) 100vw, 250px\" \/>Aktualno\u015bci<\/span><\/a><\/li><li class=\"has-large-font-size wp-block-navigation-item wp-block-navigation-link\"><a class=\"wp-block-navigation-item__content\"  href=\"https:\/\/razemwkryzysie.pl\/?page_id=213\"><span class=\"wp-block-navigation-item__label\"> <img loading=\"lazy\" decoding=\"async\" width=\"250\" height=\"250\" class=\"wp-image-34\" style=\"width: 15px\" src=\"https:\/\/razemwkryzysie.pl\/wp-content\/uploads\/2025\/01\/n.png\" alt=\"\" srcset=\"https:\/\/razemwkryzysie.pl\/wp-content\/uploads\/2025\/01\/n.png 250w, https:\/\/razemwkryzysie.pl\/wp-content\/uploads\/2025\/01\/n-150x150.png 150w\" sizes=\"auto, (max-width: 250px) 100vw, 250px\" \/> Kontakt<\/span><\/a><\/li><\/ul>\n\t\t\t\t\t\t\t<\/div>\n\t\t\t\t\t\t<\/div>\n\t\t\t\t\t<\/div>\n\t\t\t\t<\/div><\/nav><\/div>\n\n\n\n<div style=\"margin-top:0;margin-bottom:0;height:92px\" aria-hidden=\"true\" class=\"wp-block-spacer\"><\/div>\n\n\n\n<figure class=\"wp-block-image size-large is-resized\"><img loading=\"lazy\" decoding=\"async\" width=\"1024\" height=\"189\" src=\"https:\/\/razemwkryzysie.pl\/wp-content\/uploads\/2025\/02\/n-Prezentacja-1-1-1024x189.png\" alt=\"\" class=\"wp-image-175\" style=\"width:457px;height:auto\" srcset=\"https:\/\/razemwkryzysie.pl\/wp-content\/uploads\/2025\/02\/n-Prezentacja-1-1-1024x189.png 1024w, https:\/\/razemwkryzysie.pl\/wp-content\/uploads\/2025\/02\/n-Prezentacja-1-1-300x55.png 300w, https:\/\/razemwkryzysie.pl\/wp-content\/uploads\/2025\/02\/n-Prezentacja-1-1-768x142.png 768w, https:\/\/razemwkryzysie.pl\/wp-content\/uploads\/2025\/02\/n-Prezentacja-1-1-1536x284.png 1536w, https:\/\/razemwkryzysie.pl\/wp-content\/uploads\/2025\/02\/n-Prezentacja-1-1.png 1787w\" sizes=\"auto, (max-width: 1024px) 100vw, 1024px\" \/><\/figure>\n\n\n\n<p>Masz problem prawny? Oferujemy wsparcie w zakresie:<br>\u2714 <strong>Prawa rodzinnego<\/strong> \u2013 rozwody, alimenty, opieka nad dzie\u0107mi, mediacje.<br>\u2714 <strong>Prawa pracy<\/strong> \u2013 mobbing, dyskryminacja, umowy, zwolnienia, wynagrodzenia.<\/p>\n\n\n\n<figure class=\"wp-block-gallery has-nested-images columns-default is-cropped wp-block-gallery-2 is-layout-flex wp-block-gallery-is-layout-flex\">\n<figure class=\"wp-block-image size-large\"><img loading=\"lazy\" decoding=\"async\" width=\"1024\" height=\"111\" data-id=\"177\" src=\"https:\/\/razemwkryzysie.pl\/wp-content\/uploads\/2025\/02\/n-Prezentacja-4-1-1024x111.png\" alt=\"\" class=\"wp-image-177\" srcset=\"https:\/\/razemwkryzysie.pl\/wp-content\/uploads\/2025\/02\/n-Prezentacja-4-1-1024x111.png 1024w, https:\/\/razemwkryzysie.pl\/wp-content\/uploads\/2025\/02\/n-Prezentacja-4-1-300x33.png 300w, https:\/\/razemwkryzysie.pl\/wp-content\/uploads\/2025\/02\/n-Prezentacja-4-1-768x84.png 768w, https:\/\/razemwkryzysie.pl\/wp-content\/uploads\/2025\/02\/n-Prezentacja-4-1-1536x167.png 1536w, https:\/\/razemwkryzysie.pl\/wp-content\/uploads\/2025\/02\/n-Prezentacja-4-1.png 1810w\" sizes=\"auto, (max-width: 1024px) 100vw, 1024px\" \/><\/figure>\n<\/figure>\n\n\n\n<p><strong>\u017byciowe trudno\u015bci? Nie musisz przez nie przechodzi\u0107 sam\/a.<\/strong><br>\u2714 Indywidualne konsultacje z psychologiem.<br>\u2714 Wsparcie w kryzysowych sytuacjach \u017cyciowych.<br>\u2714 Pomoc w radzeniu sobie ze stresem, l\u0119kiem, depresj\u0105.<\/p>\n\n\n\n<figure class=\"wp-block-image size-large\"><img loading=\"lazy\" decoding=\"async\" width=\"1024\" height=\"142\" src=\"https:\/\/razemwkryzysie.pl\/wp-content\/uploads\/2025\/02\/n-Prezentacja-3-1024x142.png\" alt=\"\" class=\"wp-image-178\" srcset=\"https:\/\/razemwkryzysie.pl\/wp-content\/uploads\/2025\/02\/n-Prezentacja-3-1024x142.png 1024w, https:\/\/razemwkryzysie.pl\/wp-content\/uploads\/2025\/02\/n-Prezentacja-3-300x42.png 300w, https:\/\/razemwkryzysie.pl\/wp-content\/uploads\/2025\/02\/n-Prezentacja-3-768x107.png 768w, https:\/\/razemwkryzysie.pl\/wp-content\/uploads\/2025\/02\/n-Prezentacja-3-1536x213.png 1536w, https:\/\/razemwkryzysie.pl\/wp-content\/uploads\/2025\/02\/n-Prezentacja-3.png 1810w\" sizes=\"auto, (max-width: 1024px) 100vw, 1024px\" \/><\/figure>\n\n\n\n<p><strong>Chcesz znale\u017a\u0107 prac\u0119 lub zmieni\u0107 \u015bcie\u017ck\u0119 kariery? Pomo\u017cemy Ci!<\/strong><br>\u2714 Tworzenie CV i list\u00f3w motywacyjnych.<br>\u2714 Przygotowanie do rozm\u00f3w kwalifikacyjnych.<br>\u2714 Wsparcie w przebran\u017cowieniu i planowaniu kariery.<\/p>\n\n\n\n<figure class=\"wp-block-gallery has-nested-images columns-default is-cropped wp-block-gallery-3 is-layout-flex wp-block-gallery-is-layout-flex\">\n<figure class=\"wp-block-image size-large\"><img loading=\"lazy\" decoding=\"async\" width=\"1024\" height=\"576\" data-id=\"181\" src=\"https:\/\/razemwkryzysie.pl\/wp-content\/uploads\/2025\/02\/n-Prezentacja-5-1024x576.png\" alt=\"\" class=\"wp-image-181\" srcset=\"https:\/\/razemwkryzysie.pl\/wp-content\/uploads\/2025\/02\/n-Prezentacja-5-1024x576.png 1024w, https:\/\/razemwkryzysie.pl\/wp-content\/uploads\/2025\/02\/n-Prezentacja-5-300x169.png 300w, https:\/\/razemwkryzysie.pl\/wp-content\/uploads\/2025\/02\/n-Prezentacja-5-768x432.png 768w, https:\/\/razemwkryzysie.pl\/wp-content\/uploads\/2025\/02\/n-Prezentacja-5-1536x864.png 1536w, https:\/\/razemwkryzysie.pl\/wp-content\/uploads\/2025\/02\/n-Prezentacja-5.png 1920w\" sizes=\"auto, (max-width: 1024px) 100vw, 1024px\" \/><\/figure>\n<\/figure>\n\n\n\n<figure class=\"wp-block-image size-full\"><img loading=\"lazy\" decoding=\"async\" width=\"1024\" height=\"223\" src=\"https:\/\/razemwkryzysie.pl\/wp-content\/uploads\/2025\/02\/image.png\" alt=\"\" class=\"wp-image-187\" srcset=\"https:\/\/razemwkryzysie.pl\/wp-content\/uploads\/2025\/02\/image.png 1024w, https:\/\/razemwkryzysie.pl\/wp-content\/uploads\/2025\/02\/image-300x65.png 300w, https:\/\/razemwkryzysie.pl\/wp-content\/uploads\/2025\/02\/image-768x167.png 768w\" sizes=\"auto, (max-width: 1024px) 100vw, 1024px\" \/><\/figure>\n\n\n<div class=\"wpforms-container wpforms-container-full wpforms-block wpforms-block-13296fda-dfbe-4c9c-8efc-2b56745a3792 wpforms-render-modern\" id=\"wpforms-183\"><form id=\"wpforms-form-183\" class=\"wpforms-validate wpforms-form wpforms-ajax-form\" data-formid=\"183\" method=\"post\" enctype=\"multipart\/form-data\" action=\"\/index.php?rest_route=%2Fwp%2Fv2%2Fpages%2F173\" data-token=\"62e5b5129a0dc6aba4032395201e6117\" data-token-time=\"1777021287\"><noscript class=\"wpforms-error-noscript\">Aby wype\u0142ni\u0107 ten formularz, w\u0142\u0105cz obs\u0142ug\u0119 JavaScript w przegl\u0105darce.<\/noscript><div class=\"wpforms-hidden\" id=\"wpforms-error-noscript\">Aby wype\u0142ni\u0107 ten formularz, w\u0142\u0105cz obs\u0142ug\u0119 JavaScript w przegl\u0105darce.<\/div><div class=\"wpforms-field-container\"><div id=\"wpforms-183-field_1-container\" class=\"wpforms-field wpforms-field-text\" data-field-id=\"1\"><label class=\"wpforms-field-label\" for=\"wpforms-183-field_1\">Imi\u0119<\/label><input type=\"text\" id=\"wpforms-183-field_1\" class=\"wpforms-field-medium\" name=\"wpforms[fields][1]\" aria-errormessage=\"wpforms-183-field_1-error\" ><\/div><div id=\"wpforms-183-field_2-container\" class=\"wpforms-field wpforms-field-email\" data-field-id=\"2\"><label class=\"wpforms-field-label\" for=\"wpforms-183-field_2\">Adres e-mail <span class=\"wpforms-required-label\" aria-hidden=\"true\">*<\/span><\/label><input type=\"email\" id=\"wpforms-183-field_2\" class=\"wpforms-field-medium wpforms-field-required\" name=\"wpforms[fields][2]\" spellcheck=\"false\" aria-errormessage=\"wpforms-183-field_2-error\" required><\/div><div id=\"wpforms-183-field_3-container\" class=\"wpforms-field wpforms-field-textarea\" data-field-id=\"3\"><label class=\"wpforms-field-label\" for=\"wpforms-183-field_3\">W czym mo\u017cemy Ci pom\u00f3c?<\/label><textarea id=\"wpforms-183-field_3\" class=\"wpforms-field-medium\" name=\"wpforms[fields][3]\" aria-errormessage=\"wpforms-183-field_3-error\" ><\/textarea><\/div><\/div><!-- .wpforms-field-container --><div class=\"wpforms-submit-container\" ><input type=\"hidden\" name=\"wpforms[id]\" value=\"183\"><input type=\"hidden\" name=\"page_title\" value=\"\"><input type=\"hidden\" name=\"page_url\" value=\"https:\/\/razemwkryzysie.pl\/index.php?rest_route=\/wp\/v2\/pages\/173\"><input type=\"hidden\" name=\"url_referer\" value=\"\"><button type=\"submit\" name=\"wpforms[submit]\" id=\"wpforms-submit-183\" class=\"wpforms-submit\" data-alt-text=\"Wysy\u0142anie...\" data-submit-text=\"Prze\u015blij\" aria-live=\"assertive\" value=\"wpforms-submit\">Prze\u015blij<\/button><img loading=\"lazy\" decoding=\"async\" src=\"https:\/\/razemwkryzysie.pl\/wp-content\/plugins\/wpforms-lite\/assets\/images\/submit-spin.svg\" class=\"wpforms-submit-spinner\" style=\"display: none;\" width=\"26\" height=\"26\" alt=\"Wczytywanie\"><\/div><\/form><\/div>  <!-- .wpforms-container -->","protected":false},"excerpt":{"rendered":"<p>Masz problem prawny? Oferujemy wsparcie w zakresie:\u2714 Prawa rodzinnego \u2013 rozwody, alimenty, opieka nad dzie\u0107mi, mediacje.\u2714 Prawa pracy \u2013 mobbing, dyskryminacja, umowy, zwolnienia, wynagrodzenia. \u017byciowe trudno\u015bci? Nie musisz przez nie przechodzi\u0107 sam\/a.\u2714 Indywidualne konsultacje z psychologiem.\u2714 Wsparcie w kryzysowych sytuacjach \u017cyciowych.\u2714 Pomoc w radzeniu sobie ze stresem, l\u0119kiem, depresj\u0105. Chcesz znale\u017a\u0107 prac\u0119 lub zmieni\u0107 \u015bcie\u017ck\u0119 [&hellip;]<\/p>\n","protected":false},"author":1,"featured_media":0,"parent":0,"menu_order":0,"comment_status":"closed","ping_status":"closed","template":"","meta":{"footnotes":""},"class_list":["post-173","page","type-page","status-publish","hentry"],"yoast_head":"<!-- This site is optimized with the Yoast SEO plugin v24.9 - https:\/\/yoast.com\/wordpress\/plugins\/seo\/ -->\n<title>Jak mo\u017cemy Ci pom\u00f3c? - Fundacja razem w kryzysie<\/title>\n<meta name=\"robots\" content=\"index, follow, max-snippet:-1, max-image-preview:large, max-video-preview:-1\" \/>\n<link rel=\"canonical\" href=\"https:\/\/razemwkryzysie.pl\/?page_id=173\" \/>\n<meta property=\"og:locale\" content=\"pl_PL\" \/>\n<meta property=\"og:type\" content=\"article\" \/>\n<meta property=\"og:title\" content=\"Jak mo\u017cemy Ci pom\u00f3c? - Fundacja razem w kryzysie\" \/>\n<meta property=\"og:description\" content=\"Masz problem prawny? Oferujemy wsparcie w zakresie:\u2714 Prawa rodzinnego \u2013 rozwody, alimenty, opieka nad dzie\u0107mi, mediacje.\u2714 Prawa pracy \u2013 mobbing, dyskryminacja, umowy, zwolnienia, wynagrodzenia. \u017byciowe trudno\u015bci? Nie musisz przez nie przechodzi\u0107 sam\/a.\u2714 Indywidualne konsultacje z psychologiem.\u2714 Wsparcie w kryzysowych sytuacjach \u017cyciowych.\u2714 Pomoc w radzeniu sobie ze stresem, l\u0119kiem, depresj\u0105. Chcesz znale\u017a\u0107 prac\u0119 lub zmieni\u0107 \u015bcie\u017ck\u0119 [&hellip;]\" \/>\n<meta property=\"og:url\" content=\"https:\/\/razemwkryzysie.pl\/?page_id=173\" \/>\n<meta property=\"og:site_name\" content=\"Fundacja razem w kryzysie\" \/>\n<meta property=\"article:publisher\" content=\"https:\/\/www.facebook.com\/profile.php?id=61575054061886\" \/>\n<meta property=\"article:modified_time\" content=\"2025-02-26T10:31:34+00:00\" \/>\n<meta property=\"og:image\" content=\"https:\/\/razemwkryzysie.pl\/wp-content\/uploads\/2025\/02\/n-Prezentacja-1-1-1024x189.png\" \/>\n<meta name=\"twitter:card\" content=\"summary_large_image\" \/>\n<script type=\"application\/ld+json\" class=\"yoast-schema-graph\">{\"@context\":\"https:\/\/schema.org\",\"@graph\":[{\"@type\":\"WebPage\",\"@id\":\"https:\/\/razemwkryzysie.pl\/?page_id=173\",\"url\":\"https:\/\/razemwkryzysie.pl\/?page_id=173\",\"name\":\"Jak mo\u017cemy Ci pom\u00f3c? - Fundacja razem w kryzysie\",\"isPartOf\":{\"@id\":\"https:\/\/razemwkryzysie.pl\/#website\"},\"primaryImageOfPage\":{\"@id\":\"https:\/\/razemwkryzysie.pl\/?page_id=173#primaryimage\"},\"image\":{\"@id\":\"https:\/\/razemwkryzysie.pl\/?page_id=173#primaryimage\"},\"thumbnailUrl\":\"https:\/\/razemwkryzysie.pl\/wp-content\/uploads\/2025\/02\/n-Prezentacja-1-1-1024x189.png\",\"datePublished\":\"2025-02-24T19:01:54+00:00\",\"dateModified\":\"2025-02-26T10:31:34+00:00\",\"breadcrumb\":{\"@id\":\"https:\/\/razemwkryzysie.pl\/?page_id=173#breadcrumb\"},\"inLanguage\":\"pl-PL\",\"potentialAction\":[{\"@type\":\"ReadAction\",\"target\":[\"https:\/\/razemwkryzysie.pl\/?page_id=173\"]}]},{\"@type\":\"ImageObject\",\"inLanguage\":\"pl-PL\",\"@id\":\"https:\/\/razemwkryzysie.pl\/?page_id=173#primaryimage\",\"url\":\"https:\/\/razemwkryzysie.pl\/wp-content\/uploads\/2025\/02\/n-Prezentacja-1-1.png\",\"contentUrl\":\"https:\/\/razemwkryzysie.pl\/wp-content\/uploads\/2025\/02\/n-Prezentacja-1-1.png\",\"width\":1787,\"height\":330},{\"@type\":\"BreadcrumbList\",\"@id\":\"https:\/\/razemwkryzysie.pl\/?page_id=173#breadcrumb\",\"itemListElement\":[{\"@type\":\"ListItem\",\"position\":1,\"name\":\"Strona g\u0142\u00f3wna\",\"item\":\"https:\/\/razemwkryzysie.pl\/\"},{\"@type\":\"ListItem\",\"position\":2,\"name\":\"Jak mo\u017cemy Ci pom\u00f3c?\"}]},{\"@type\":\"WebSite\",\"@id\":\"https:\/\/razemwkryzysie.pl\/#website\",\"url\":\"https:\/\/razemwkryzysie.pl\/\",\"name\":\"Fundacja razem w kryzysie\",\"description\":\"Fundacja zajmuj\u0105ca si\u0119 wsparciem os\u00f3b w kryzysie psychicznym\",\"publisher\":{\"@id\":\"https:\/\/razemwkryzysie.pl\/#organization\"},\"potentialAction\":[{\"@type\":\"SearchAction\",\"target\":{\"@type\":\"EntryPoint\",\"urlTemplate\":\"https:\/\/razemwkryzysie.pl\/?s={search_term_string}\"},\"query-input\":{\"@type\":\"PropertyValueSpecification\",\"valueRequired\":true,\"valueName\":\"search_term_string\"}}],\"inLanguage\":\"pl-PL\"},{\"@type\":\"Organization\",\"@id\":\"https:\/\/razemwkryzysie.pl\/#organization\",\"name\":\"Fundacja razem w kryzysie\",\"url\":\"https:\/\/razemwkryzysie.pl\/\",\"logo\":{\"@type\":\"ImageObject\",\"inLanguage\":\"pl-PL\",\"@id\":\"https:\/\/razemwkryzysie.pl\/#\/schema\/logo\/image\/\",\"url\":\"https:\/\/razemwkryzysie.pl\/wp-content\/uploads\/2024\/12\/Minimalistyczna-Fotografia-Portfolio-Kwadrat-Fotoksiazka-1.png\",\"contentUrl\":\"https:\/\/razemwkryzysie.pl\/wp-content\/uploads\/2024\/12\/Minimalistyczna-Fotografia-Portfolio-Kwadrat-Fotoksiazka-1.png\",\"width\":2000,\"height\":737,\"caption\":\"Fundacja razem w kryzysie\"},\"image\":{\"@id\":\"https:\/\/razemwkryzysie.pl\/#\/schema\/logo\/image\/\"},\"sameAs\":[\"https:\/\/www.facebook.com\/profile.php?id=61575054061886\"]}]}<\/script>\n<!-- \/ Yoast SEO plugin. -->","yoast_head_json":{"title":"Jak mo\u017cemy Ci pom\u00f3c? - Fundacja razem w kryzysie","robots":{"index":"index","follow":"follow","max-snippet":"max-snippet:-1","max-image-preview":"max-image-preview:large","max-video-preview":"max-video-preview:-1"},"canonical":"https:\/\/razemwkryzysie.pl\/?page_id=173","og_locale":"pl_PL","og_type":"article","og_title":"Jak mo\u017cemy Ci pom\u00f3c? - Fundacja razem w kryzysie","og_description":"Masz problem prawny? Oferujemy wsparcie w zakresie:\u2714 Prawa rodzinnego \u2013 rozwody, alimenty, opieka nad dzie\u0107mi, mediacje.\u2714 Prawa pracy \u2013 mobbing, dyskryminacja, umowy, zwolnienia, wynagrodzenia. \u017byciowe trudno\u015bci? Nie musisz przez nie przechodzi\u0107 sam\/a.\u2714 Indywidualne konsultacje z psychologiem.\u2714 Wsparcie w kryzysowych sytuacjach \u017cyciowych.\u2714 Pomoc w radzeniu sobie ze stresem, l\u0119kiem, depresj\u0105. Chcesz znale\u017a\u0107 prac\u0119 lub zmieni\u0107 \u015bcie\u017ck\u0119 [&hellip;]","og_url":"https:\/\/razemwkryzysie.pl\/?page_id=173","og_site_name":"Fundacja razem w kryzysie","article_publisher":"https:\/\/www.facebook.com\/profile.php?id=61575054061886","article_modified_time":"2025-02-26T10:31:34+00:00","og_image":[{"url":"https:\/\/razemwkryzysie.pl\/wp-content\/uploads\/2025\/02\/n-Prezentacja-1-1-1024x189.png","type":"","width":"","height":""}],"twitter_card":"summary_large_image","schema":{"@context":"https:\/\/schema.org","@graph":[{"@type":"WebPage","@id":"https:\/\/razemwkryzysie.pl\/?page_id=173","url":"https:\/\/razemwkryzysie.pl\/?page_id=173","name":"Jak mo\u017cemy Ci pom\u00f3c? - Fundacja razem w kryzysie","isPartOf":{"@id":"https:\/\/razemwkryzysie.pl\/#website"},"primaryImageOfPage":{"@id":"https:\/\/razemwkryzysie.pl\/?page_id=173#primaryimage"},"image":{"@id":"https:\/\/razemwkryzysie.pl\/?page_id=173#primaryimage"},"thumbnailUrl":"https:\/\/razemwkryzysie.pl\/wp-content\/uploads\/2025\/02\/n-Prezentacja-1-1-1024x189.png","datePublished":"2025-02-24T19:01:54+00:00","dateModified":"2025-02-26T10:31:34+00:00","breadcrumb":{"@id":"https:\/\/razemwkryzysie.pl\/?page_id=173#breadcrumb"},"inLanguage":"pl-PL","potentialAction":[{"@type":"ReadAction","target":["https:\/\/razemwkryzysie.pl\/?page_id=173"]}]},{"@type":"ImageObject","inLanguage":"pl-PL","@id":"https:\/\/razemwkryzysie.pl\/?page_id=173#primaryimage","url":"https:\/\/razemwkryzysie.pl\/wp-content\/uploads\/2025\/02\/n-Prezentacja-1-1.png","contentUrl":"https:\/\/razemwkryzysie.pl\/wp-content\/uploads\/2025\/02\/n-Prezentacja-1-1.png","width":1787,"height":330},{"@type":"BreadcrumbList","@id":"https:\/\/razemwkryzysie.pl\/?page_id=173#breadcrumb","itemListElement":[{"@type":"ListItem","position":1,"name":"Strona g\u0142\u00f3wna","item":"https:\/\/razemwkryzysie.pl\/"},{"@type":"ListItem","position":2,"name":"Jak mo\u017cemy Ci pom\u00f3c?"}]},{"@type":"WebSite","@id":"https:\/\/razemwkryzysie.pl\/#website","url":"https:\/\/razemwkryzysie.pl\/","name":"Fundacja razem w kryzysie","description":"Fundacja zajmuj\u0105ca si\u0119 wsparciem os\u00f3b w kryzysie psychicznym","publisher":{"@id":"https:\/\/razemwkryzysie.pl\/#organization"},"potentialAction":[{"@type":"SearchAction","target":{"@type":"EntryPoint","urlTemplate":"https:\/\/razemwkryzysie.pl\/?s={search_term_string}"},"query-input":{"@type":"PropertyValueSpecification","valueRequired":true,"valueName":"search_term_string"}}],"inLanguage":"pl-PL"},{"@type":"Organization","@id":"https:\/\/razemwkryzysie.pl\/#organization","name":"Fundacja razem w kryzysie","url":"https:\/\/razemwkryzysie.pl\/","logo":{"@type":"ImageObject","inLanguage":"pl-PL","@id":"https:\/\/razemwkryzysie.pl\/#\/schema\/logo\/image\/","url":"https:\/\/razemwkryzysie.pl\/wp-content\/uploads\/2024\/12\/Minimalistyczna-Fotografia-Portfolio-Kwadrat-Fotoksiazka-1.png","contentUrl":"https:\/\/razemwkryzysie.pl\/wp-content\/uploads\/2024\/12\/Minimalistyczna-Fotografia-Portfolio-Kwadrat-Fotoksiazka-1.png","width":2000,"height":737,"caption":"Fundacja razem w kryzysie"},"image":{"@id":"https:\/\/razemwkryzysie.pl\/#\/schema\/logo\/image\/"},"sameAs":["https:\/\/www.facebook.com\/profile.php?id=61575054061886"]}]}},"_links":{"self":[{"href":"https:\/\/razemwkryzysie.pl\/index.php?rest_route=\/wp\/v2\/pages\/173","targetHints":{"allow":["GET"]}}],"collection":[{"href":"https:\/\/razemwkryzysie.pl\/index.php?rest_route=\/wp\/v2\/pages"}],"about":[{"href":"https:\/\/razemwkryzysie.pl\/index.php?rest_route=\/wp\/v2\/types\/page"}],"author":[{"embeddable":true,"href":"https:\/\/razemwkryzysie.pl\/index.php?rest_route=\/wp\/v2\/users\/1"}],"replies":[{"embeddable":true,"href":"https:\/\/razemwkryzysie.pl\/index.php?rest_route=%2Fwp%2Fv2%2Fcomments&post=173"}],"version-history":[{"count":8,"href":"https:\/\/razemwkryzysie.pl\/index.php?rest_route=\/wp\/v2\/pages\/173\/revisions"}],"predecessor-version":[{"id":210,"href":"https:\/\/razemwkryzysie.pl\/index.php?rest_route=\/wp\/v2\/pages\/173\/revisions\/210"}],"wp:attachment":[{"href":"https:\/\/razemwkryzysie.pl\/index.php?rest_route=%2Fwp%2Fv2%2Fmedia&parent=173"}],"curies":[{"name":"wp","href":"https:\/\/api.w.org\/{rel}","templated":true}]}}